mon divisor of 2 and k?
2
Let b = 136 - 118. What is the greatest common factor of b and 144?
18
Let y = -2461 - -2463. Calculate the greatest common divisor of 356 and y.
2
Suppose 5*d - 3*t = 1628, 16*d - 18*d + 649 = t. Calculate the greatest common factor of d and 25.
25
Let v = 64 - 62. Suppose 3*l + v*l = 5*p + 25, -5*l + 37 = -p. What is the greatest common divisor of 16 and l?
8
Let p(n) = n**2 - 2*n + 2. Let c = 13 + -7. Suppose -4*q + c = -6. Let r be p(q). Calculate the highest common factor of r and 15.
5
Let u be 42/8 - (-14)/(-56). Let t = -5 - -51. Let g = -1 + t. What is the greatest common divisor of u and g?
5
Suppose -3*s + 29 + 82 = -3*n, 5*s + 4*n = 149. What is the greatest common factor of 264 and s?
33
Suppose -10*w - 4 = -11*w. Suppose i - 5*j + 14 = 0, 4*i + i = -w*j + 46. What is the highest common factor of i and 42?
6
Let c(d) be the second derivative of 29*d**3/6 + 2*d**2 + 3*d. Let r be c(4). Suppose r = 4*j - j. What is the highest common divisor of j and 20?
20
Let s = 538 - 415. Calculate the greatest common divisor of 6 and s.
3
Let i be 542/6 - 6/(-9). Let j = -2267 + 2280. What is the highest common factor of j and i?
13
Let u be (33/(-2))/(11/(-22)). Let p = 43 + -21. Calculate the highest common divisor of p and u.
11
Let b = 12 - 8. Suppose 3*a = b*a - 3. Suppose 0*u - i = u - 14, -a*i + 12 = u. Calculate the greatest common divisor of 30 and u.
15
Let r = -627 + 637. What is the greatest common factor of r and 30?
10
Suppose 0 = 5*z - 2*h - 125, -4*z + 5*h + 100 = 3*h. Let f(p) = -p**3 - p + 200. Let s be f(0). Calculate the highest common divisor of s and z.
25
Let t be (2/(-6) - 392/(-24))/1. What is the greatest common divisor of t and 200?
8
Let d(l) = 50*l - 36. Let k be d(1). What is the greatest common factor of k and 1162?
14
Let p be (-23 - -1)/(8/(-16)). What is the greatest common factor of 704 and p?
44
Suppose 0 = 10*l - 324 - 26. Suppose -4*u + 12 = -16. Calculate the highest common factor of u and l.
7
Let q = 244 + -549. Let d = q - -431. Suppose 14*x - 90 = 9*x. Calculate the highest common factor of d and x.
18
Suppose -w + 48 = -9*w. Let t = w - -28. What is the greatest common factor of 154 and t?
22
Suppose -40*w - 21 = -43*w. What is the greatest common divisor of 749 and w?
7
Let g(h) = -13*h + 36. Let c be g(-3). What is the greatest common divisor of 6 and c?
3
Let f(r) = -2*r + 3. Let z(a) = -a**3 - 2*a**2 + 5*a. Let n be z(-3). Let b be f(n). Calculate the greatest common factor of b and 1.
1
Let u be (3/(-2))/(-6*(-2)/(-16)). Let h be 57/21 + 2/7. Suppose -u*a + 47 = 5*d, h*a + d - 25 = 52. Calculate the greatest common factor of a and 208.
26
Suppose -3*s = -12 + 3. Suppose s*y + 36 = 108. Suppose -3*v - 3*u + 15 = -15, 3*u = 3*v - y. What is the greatest common divisor of 1 and v?
1
Let q(v) = 4*v**2 - 33*v - 22. Let g be q(9). What is the highest common factor of g and 5?
5
Let c(f) = -13*f - 3. Let o be c(-2). Let i = 12 - -2. Let p = o - i. What is the greatest common divisor of p and 9?
9
Suppose 4*q + 3 = -v + 2*q, -5*q = 4*v. Suppose 105 = 4*z - u, -4*u = v*z - 3*u - 120. What is the highest common factor of z and 100?
25
Suppose t + 13 = -60*m + 64*m, 8 = 2*m. What is the greatest common factor of t and 21?
3
Suppose 19 - 7 = -2*f. Let t = f - -11. What is the highest common divisor of t and 10?
5
Let b = -10 - -14. Let k(i) = -i**2 - 6*i - 5. Let m be k(-1). Suppose 5*z - j - 82 = m, -j - 29 = -3*z + 21. Calculate the highest common divisor of b and z.
4
Let w be (-1146)/(-10) + (-5)/((-25)/(-3)). Calculate the highest common factor of w and 38.
38
Let b = -36 + 54. Let o be (-12)/7*(-280)/16. Let m = o - b. Calculate the greatest common factor of 24 and m.
12
Let f be (4/6)/((-12)/(-90)). Calculate the highest common divisor of 1 and f.
1
Let o be (8/(-32))/((-1)/4). Let v be 3*o*(-126)/27. Let n be v + 11 - 13/(-1). Calculate the greatest common divisor of 90 and n.
10
Suppose 5*f - 2*f = 5*r + 50, -2*f = -4*r - 30. Suppose -g - 4*g = -f. Let n be ((-28)/g)/((-10)/25). What is the highest common factor of n and 98?
14
Suppose -4*t = 3*k - 317, k = t + 17 + 77. Let u(v) = -46*v**2 + v. Let a be u(1). Let z = -12 - a. Calculate the greatest common divisor of z and k.
33
Let d(b) = b + 10. Let a be d(-12). Let k be ((-56)/(-12) + a)*18. Calculate the highest common factor of k and 6.
6
Let x be 1 - -8 - (2 - 4). Let l = 278 - 157. Suppose -8*a = -7*a - l. Calculate the greatest common factor of a and x.
11
Let k(o) = 2*o + o**3 + 5 + o - 4*o**2 - o. Let l be k(5). What is the greatest common factor of l and 320?
40
Suppose 0*v = v + 5*h - 12, -5*v = -5*h - 90. Suppose -2*i + 9 = -v. Calculate the greatest common factor of i and 39.
13
Suppose -6*f + 47 = -241. Calculate the highest common divisor of 168 and f.
24
Let l be 3 + -1 + -1 + 19 + 5. Calculate the greatest common divisor of l and 125.
25
Let f be (-2 + 154/21)*186/4. What is the highest common divisor of 558 and f?
62
Let t(h) = h**2 + 3*h - 6. Let f be t(-5). Suppose -6*u + u + 19 = -n, n = -f. Let c = u + 4. Calculate the greatest common divisor of 63 and c.
7
Let i be -24*(-8)/6 + -4. Let c = 73 + 39. Calculate the greatest common factor of c and i.
28
Let w(v) = -v**3 - 6 - 2 + 3*v**2 + 11 - 5*v + 8*v**2. Let u be w(9). Calculate the greatest common divisor of 15 and u.
15
Let f = 170 + -154. Suppose 2*l = 2, -4*u + 0*l - 4*l = -12. Suppose -h = u*h - 432. Calculate the greatest common factor of h and f.
16
Let i = 108 + -76. What is the greatest common factor of i and 288?
32
Let b = 1382 + -550. Calculate the highest common factor of 192 and b.
64
Suppose v + t + 2*t = 15, 2*t = 5*v - 109. Let g = -38 - -34. Let f = g + 25. What is the greatest common divisor of v and f?
21
Let a(x) = -2*x**3 - 5*x**2 - 13*x - 3. Let z be a(-5). What is the greatest common divisor of z and 22?
11
Let y(d) = -603*d**2 - 3042*d + 5. Let l be y(-5). Let i(z) = 5*z. Let a be i(4). Calculate the highest common divisor of a and l.
20
Let z = -22 + 64. Suppose 8 + z = 4*c + 5*x, -2*x = -4. Suppose 2*i = 3*l + 217, -2*i = 5*l + 102 - 327. What is the greatest common factor of c and i?
10
Let a = 43 + -30. Let u(n) = -24*n - 1. Let t(m) = m**3 - 6*m**2 + 4*m - 1. Let d be t(5). Let f be u(d). What is the highest common divisor of f and a?
13
Let w(q) = 8*q - 4. Let g be w(4). Let b = g - 17. Calculate the highest common factor of 11 and b.
11
Let x(g) = -g**2 + 2*g - 4. Let t be x(5). Let b = t - -28. Calculate the greatest common factor of 72 and b.
9
Let n = -350 + 355. Calculate the highest common factor of n and 205.
5
Suppose -y - 5*v + 0*v = -34, y = v + 10. Let c(j) = -j**2 + j + 47. Let i be c(0). Let n = i + -33. What is the highest common factor of n and y?
14
Suppose 0 = 5*i - 135 - 40. Let g = -63 + i. Let r be (6 + g)*1/(-2). What is the highest common divisor of 22 and r?
11
Suppose 3*x - 4*r = -40, 0*r + 2*r + 68 = -4*x. Let l be (x/(-20))/((-2)/(-30)). Suppose -11*k + 39 + 27 = 0. What is the highest common divisor of l and k?
6
Let f = 161 + -61. Let o be f/((-1*4)/(-4)). Suppose 53 = 2*t - 5*v, -2*t - 2*t + 4*v + o = 0. Calculate the highest common divisor of 3 and t.
3
Let u be ((-11)/(-66) - 1370/12)*-2. Let s = 76 + u. What is the highest common divisor of 19 and s?
19
Let w = -20 - -2. Let h = -14 - w. Suppose h*v - 495 = 93. What is the highest common divisor of v and 21?
21
Let v(n) = 3*n**2 + 3*n - 3. Let r be v(6). Let u = r - 94. What is the greatest common factor of u and 87?
29
Suppose -8*y = -6*y - 4. Let b be (-4 + y)*18/4. Let r be (-3)/(b/6)*6. Calculate the highest common divisor of r and 12.
12
Let w(z) = -z**2 - 4*z + 6. Let a = -16 - -11. Let n be w(a). Suppose -l - 4 = -4*b + l, -2*b + 4*l = 10. What is the greatest common divisor of n and b?
1
Let f(a) = 8*a**2 + 12 - a**3 + 9 - 10 - 6*a - 2. Let b be f(7). Let g = 58 - 34. What is the highest common divisor of g and b?
8
Let a(t) = t**2 - 8*t + 15. Let h be a(16). Suppose 7 = 4*d - 9. Suppose 0 = -d*f - 12, -w + 54 = 2*w - 5*f. Calculate the greatest common factor of h and w.
13
Let z = -92 + 282. Calculate the greatest common factor of 76 and z.
38
Suppose 4*y - 2238 = 5646. Suppose 13*l - 291 = y. What is the greatest common facto